9. Is u a composite number?
True
Let f(o) = 203*o**2 + 5*o - 3. Is f(-2) prime?
False
Let o = 549 - 1337. Is (o/3)/((-12)/18 + 0) a prime number?
False
Let d(m) = 17*m**2 - 2*m - 2. Let s(n) = -9*n**2 + n + 1. Let l(a) = a + 6. Let v be l(5). Let t(p) = v*s(p) + 6*d(p). Is t(-4) a prime number?
False
Let b(c) = -c**3 + 2*c**2 + 2*c. Let w be b(-6). Suppose -3*n = 2*v - 2*n + 189, 0 = -3*v + n - w. Let j = v + 182. Is j composite?
False
Let y(f) = f**2 + 7*f + 12. Let g be y(-5). Suppose 4*c + 3*k = -0*c + g, -2*c - 5*k = 6. Let r(d) = 82*d**2 + 2*d - 1. Is r(c) a composite number?
False
Suppose 0 = -a + y + 7, -5*a = -y + 10 - 49. Let r be (-241)/(-4) + 6/a. Suppose -1040 = -4*j - p, -567 + r = -2*j + 3*p. Is j prime?
False
Suppose -2*a + 3*o = -17704, -a + 44241 = 4*a + 2*o. Is a prime?
True
Let c(z) = 6816*z**2 + 3*z + 2. Let m be c(-1). Suppose 0*x - 4*x + m = q, 3385 = 2*x + 5*q. Suppose -6*k = -11*k + x. Is k prime?
False
Let c be -1*(-4)/(-12)*-6. Suppose -5*t + 387 = -2*o - 0*o, 2*t - c*o - 150 = 0. Is t a prime number?
True
Let u = 3492 + 10531. Is u composite?
True
Suppose 15*f = -6*f + 77427. Is f prime?
False
Suppose 0 = 6*f - f - 3855. Let m = f - 329. Suppose m = 2*q - 4*l - 128, 3*l = -4*q + 1184. Is q a prime number?
True
Let u(s) = s**3 + 15*s**2 + 10*s - 3. Suppose 3*f + 42 = -3*k - 0*k, 56 = -4*k + 2*f. Is u(k) prime?
True
Let g = 754 + 615. Is g composite?
True
Suppose -2304 = 5*s + 4231. Let m = -762 - s. Is m composite?
True
Is (8812/24)/(4/24) prime?
True
Let d be -374*(1 + -2)/1. Is d/7 - (-39)/(-91) prime?
True
Let h be 3 - ((-2)/(-2) + 4). Is (h/(-3))/(8/3516) prime?
True
Suppose 146792 = -13*b + 647253. Is b prime?
False
Is (-14)/((-624)/(-314) - -1 - 3) a prime number?
False
Suppose 3*b + 4*x = x + 27714, -x + 18475 = 2*b. Is b prime?
False
Let d(b) = 28*b**2 - 2*b - 1. Let f be 0 + (-1 - -3)*2. Let q be (-189)/35 - f/(-10). Is d(q) composite?
False
Suppose 24794 = 24*p - 1942. Is p prime?
False
Let n(h) = -335*h + 14. Let d be n(-6). Suppose -4*v + d - 748 = 0. Is v a prime number?
False
Let n = 59 - 60. Is (-1503 - n)/(16/4 + -6) prime?
True
Suppose -2*s = -12 + 4. Suppose 0 = -5*l + 2*f + 2919, -s*l + 3*f + 1628 = -710. Is l composite?
True
Let g be -3 - 1*(-699 + 1). Suppose n + 229 = -3*j, -3*n - 2*j = -j + g. Let x = n + 539. Is x a composite number?
False
Let l(t) = 54*t**2 + t - 1. Let j be l(1). Let h be 8/20 - (-12)/(-5). Is (h + j/4)*14 prime?
False
Suppose 18 = 6*t + 66. Is (-187728)/(-64) + 2/t prime?
False
Let q(o) = o**3 - 4*o**2 + 5*o - 4. Let d be q(3). Suppose -7*w = -d*w. Suppose w*g + 590 = 2*g. Is g a composite number?
True
Suppose -20 = -4*f, 0 = 5*h - 3*h - 5*f + 27. Let d be (-2 - h)/(-1)*3. Suppose -d*x = -0*x - 2283. Is x prime?
True
Is (-6032)/(-156)*(-1)/(8/(-114)) a prime number?
False
Let h be (-4)/7 - (-550)/7. Let s be 5405/6 + 13/h. Suppose -u = -2*o + 893, -3*o - 4*u = -s - 466. Is o composite?
False
Let u(p) = -681*p + 292. Is u(-19) prime?
False
Suppose h + 0*h = -5. Is 40/h*124/(-16) prime?
False
Let d(i) = 1288*i - 17. Is d(6) composite?
True
Let g be (27/36)/((-1)/4). Is 787 - (g + -4 + 7) a prime number?
True
Suppose -36304 = 5*w - 230239. Suppose -25*c = -4*c - w. Is c composite?
False
Let t be ((-114)/133)/(1/504). Let v = 619 + t. Is v composite?
True
Suppose 2*f = w + 4, -5 + 52 = -3*w - f. Let v = w - 9. Let c = 0 - v. Is c a prime number?
True
Let x = 167 + -272. Let l be (4/(-6))/(14/x). Suppose -1290 + 7868 = l*v - 3*s, -5*s - 6580 = -5*v. Is v composite?
True
Let r(f) = -3*f + 2. Let m be r(-1). Suppose 3*w - 319 = -4*z, 24 + 546 = m*w - z. Is w a composite number?
False
Suppose -4*a - 5*o = 15, 1 + 0 = -a - 4*o. Let q(x) = -6*x**3 + 5*x**2 + 3*x + 2. Is q(a) prime?
False
Let h = -27 + 21. Is ((-291)/h)/(1/14) a prime number?
False
Let s(n) = 2*n**2 - 13*n - 19. Suppose -60 = -2*t + 8*t. Is s(t) composite?
False
Let b be -2*(-3 - (-2)/2). Suppose 0 = 4*h + 4, -b*a - 3*h + 52 = h. Is (a/4)/(2/4) a prime number?
True
Let w = -15 - -11. Let y be 1/(-2)*(-4 - w). Suppose i - 3*i + 74 = y. Is i prime?
True
Suppose 17*k = 22*k + 11615. Let i = 4592 + k. Is i prime?
True
Suppose 3878 = -4*t + 214. Let h be 14*93/6*-3. Let x = h - t. Is x a composite number?
True
Let o(i) = -103*i - 8. Let t(g) = -g + 16. Let v be t(25). Is o(v) a composite number?
False
Suppose 0 = -f - 2*f. Suppose 9 = 5*l - 6. Suppose f = 2*w - l*w + 115. Is w prime?
False
Let a(u) = 2*u**3 + 15*u**2 + 10*u + 7. Let x be a(-7). Is (734/3)/(x/(-6) + -2) a composite number?
True
Let v(b) = -2*b**3 - 2*b**2 + b - 1. Let o be v(-2). Suppose -5*t + 327 = -4*n, -4*t - o*n + n = -276. Is t prime?
True
Suppose 4*n + 0*n = 3*u + 40520, -3*n = 3*u - 30411. Is n a composite number?
False
Let y(k) = k**2 + 9*k + 12. Let o = -34 + 26. Let m be y(o). Let d(r) = 8*r**3 + 4*r**2 + 4*r - 5. Is d(m) composite?
False
Suppose -4757 = -2*p + 389. Is p a composite number?
True
Suppose 2*q - 14505 = 5*s, 4*q + 5*s - 17976 - 11109 = 0. Is q prime?
False
Suppose -17 - 49 = -3*k. Let c = k + -14. Suppose c*d = 6*d + 182. Is d composite?
True
Is (-22426)/4*(-8)/(-4 - -8) a composite number?
False
Let x(q) = -21*q + 9. Let r be x(-7). Let g = 449 + r. Suppose 0*o = -5*o + g. Is o a prime number?
False
Is 223884/24 - (-4)/8 a composite number?
True
Let u = 177 - -153. Suppose 2*w - u = 188. Is w prime?
False
Let b = 690 - -413. Is b composite?
False
Suppose -21*l - 120420 + 745989 = 0. Is l a composite number?
False
Let z(i) = 7 - 8 + 2 + 2 - 65*i. Suppose 0 = -k + 2*y - 6, 4*k - 4*y + 0*y = -16. Is z(k) prime?
False
Is (8*24/64)/((-6)/(-4298)) composite?
True
Suppose -22385 = -2*m + 3*x, 23*m - 26*m - 2*x + 33597 = 0. Is m a composite number?
False
Let f be (82 - 1)*(-4 - -2). Suppose 71*s - 68*s - 2847 = 0. Let q = f + s. Is q a composite number?
False
Suppose 2*u - 2 = x, 0 = -5*x - u + 4 + 8. Suppose 8*c - 3*c + 619 = x*i, 4*c + 925 = 3*i. Is i prime?
True
Let w(y) = y**3 + 4*y**2 + 4*y + 2. Let v be w(-2). Suppose -l - 2 = -8. Suppose 4*t - 336 = i, l*i = -t + v*i + 67. Is t composite?
False
Let q = -53863 + 128420. Is q composite?
True
Let a = 34 - 34. Is -1 + 485 + 1 + a composite?
True
Suppose 0 = a - 5, 35532 = 2*n - 4*a + 4746. Is n composite?
True
Suppose -5*f = -12 - 8. Suppose 2768 = 4*a - f*z, -529 = 2*a + 3*z - 1928. Is a a prime number?
False
Let a(w) be the second derivative of 4*w**4 + w**3/2 + w**2/2 + 9*w - 1. Suppose 1 - 7 = 3*s. Is a(s) prime?
False
Suppose 0 = -r + l + 9, 23 - 8 = 5*r + l. Suppose -r*k = 4*c + 999 - 4643, -4*c = 5*k - 3641. Is c a composite number?
True
Let z(f) be the second derivative of 7/6*f**4 + 5*f + 0 - 1/6*f**3 - 2*f**2. Is z(3) prime?
False
Let h(w) = -19 - 15*w**2 + 2*w + 3*w + 30*w**2 - 24*w. Is h(-6) a composite number?
True
Let f(q) = -4*q**3 - 13*q**2 + 6. Let p be f(-9). Suppose -73*c = -70*c - p. Is c a composite number?
True
Suppose -2*h + 10 = 3*h. Suppose -29 = -h*x - 5*s - 0*s, -14 = -2*x - 2*s. Suppose 0 = -4*u - x*a + 5*a + 784, 5*u - 975 = 5*a. Is u a prime number?
True
Suppose 4*z = 3*z + 3291. Let k(q) = -86*q**3 - 2*q**2 - q + 5. Let o be k(-3). Let i = z - o. Is i a prime number?
False
Suppose 6*h - 8*h + 5*m - 1126 = 0, 0 = 4*h + 3*m + 2226. Is -1*(h*3 + -4) a composite number?
True
Is 2*((-150358)/(-4) - 11) composite?
True
Suppose -2*j + 3*j = 4. Suppose -j*n + 2 - 14 = 0. Is 7 + n - (-3 - 1048) a composite number?
True
Suppose y + y - 6690 = 0. Is y/5 + (1 - 1) - -2 prime?
False
Is ((-15)/(-9) - (-8)/(-6))*95595 a prime number?
False
Let h be ((-5)/(25/32))/(2/(-35)). Suppose -5*x - h = -377. Is x prime?
True
Suppose -2*w + 1693 = -5*j, 0 = 3*w + 5*j - 1275 - 1227. Is w a prime number?
True
Is (10590 + -8)*1 - 1 a composite number?
True
Let m = 5 + -23. Let x = 10 + m. Is (-3)/12 + (-1626)/x prime?
False
Suppose -4*z - h + 4 = 2, -h = -z - 2. Suppose z = -2*p - p + 633. Is p composite?
False
Suppose 0 = -5*p - 5*t + 15, -2*t + t = -p + 7. Suppose -3*y = 5*j - 4327, -p*y - 2*j + 3940 + 3259 = 0. Is y a prime number?
True
Let m(a) = 157*a**2 + 6*a - 62. Is m(-9) a composite number?
False
Suppose 3 = -d + 4. Let i(a) = 2 - a + 11*a**2 + d - a. Is i(2) a composite number?
False
Let d = 2773 + -210. Let f = d - 1248. Is f prime?
False
Suppose 0 = -3*k - 3*y + 4014, 